eatest common factor of k and g?
3
Let a be (18/(-27))/((-2)/12). What is the greatest common factor of a and 40?
4
Suppose -3*v + 74 - 14 = 0. Calculate the highest common divisor of 8 and v.
4
Let p = -126 - -230. Suppose -4*a + 3*a = -13. Calculate the greatest common factor of p and a.
13
Let n(u) = u**3 + 6*u**2 - 8*u + 8. Let i be n(-7). Suppose 2*v - 29 = -5*o, 0*o - 3*o = v - i. Calculate the greatest common divisor of 3 and v.
3
Let y(s) = -3*s + 5. Suppose 2*d - 5*m = -4 - 23, 5*m + 3 = -3*d. Let x be y(d). What is the highest common factor of 253 and x?
23
Suppose 23 = 4*y + 7, -5*y + 47 = -3*n. Let z be (-4)/(12/n) - -21. Calculate the highest common factor of 12 and z.
12
Suppose 15 + 13 = -2*k. Let j be 15/2*(16 + k). What is the highest common divisor of j and 6?
3
Let a = 60 + 39. Suppose 4 + 1 = -d + 4*u, 0 = -4*u + 16. What is the highest common factor of a and d?
11
Let w = 43 + -2. Let q be w + (3 - 4)*3. Calculate the greatest common divisor of q and 95.
19
Let t(j) = -j**2 + 8*j - 7. Let x be t(5). What is the highest common factor of 40 and x?
8
Let o = 29 - 0. Suppose -4*z = -7 - o. What is the greatest common factor of 81 and z?
9
Let o be (-32)/(-3)*6/4. Let d be (197 - (-6)/2)/1. Let x be d/6*(-12)/(-10). What is the greatest common divisor of o and x?
8
Let f = -4 - -6. Suppose -f*m + 446 = 6*k - 3*k, 0 = -5*k - 3*m + 745. What is the greatest common divisor of k and 19?
19
Let z = -112 - -553. Suppose 3*s + 12 - z = 0. Calculate the highest common factor of s and 13.
13
Let a(f) = f**3 + 13*f**2 + f + 4. Let p be a(-9). Suppose -3*o + p = -164. What is the highest common divisor of 23 and o?
23
Let y be (-10)/10 - (-1 - 4). Calculate the highest common factor of 44 and y.
4
Suppose -2*a - 6 - 5 = 3*l, 0 = l - 3*a - 11. Let u be 6 - (0 + 2) - l. Let s be (0 + 15)*22/u. Calculate the greatest common divisor of s and 6.
6
Suppose 54 = -k + 4*k. Let c = 83 + -56. Calculate the greatest common factor of c and k.
9
Suppose 0 = -3*c - 0*c + 5*f + 14, 4*f = -5*c + 48. What is the highest common factor of c and 8?
8
Suppose 3*r = 3*p - 30, 3*p - 6 = -0*p - 5*r. Suppose -11*q + p*q = -396. Calculate the highest common divisor of 9 and q.
9
Let z(j) = j**3 + 9*j**2 - 11*j. Let g be z(-9). What is the highest common divisor of 11 and g?
11
Suppose -2*b = -2*t + 40, -2*b + 45 = 4*t - t. What is the highest common divisor of t and 51?
17
Let p(u) = 9*u + 5. Let w be p(3). Let g = w - 23. Calculate the highest common divisor of g and 9.
9
Let i be 0 - -1 - (16/(-2) + -1). Calculate the greatest common divisor of 25 and i.
5
Suppose -q - 5 = -0. Let u be 20*(4/q)/(-2). Calculate the highest common divisor of u and 1.
1
Suppose -2*m + 3*m = 24. Calculate the highest common factor of 16 and m.
8
Let p(t) = -4*t - 1. Let r be p(-1). Let s = r - -6. Let n(o) = o**3 - 9*o**2 + o. Let h be n(9). What is the greatest common divisor of s and h?
9
Suppose 152 = 5*q - 4*d, 4*d = 3*q - 82 - 14. Calculate the highest common factor of 4 and q.
4
Let c = 91 + -49. Calculate the greatest common factor of c and 105.
21
Suppose 3 = -2*n + 11. Suppose -5*r - 3*s = -2*s - 26, 4*s + 16 = n*r. What is the greatest common divisor of r and 25?
5
Suppose -19 = -2*h + o, -h + o = -o - 2. Let c = 416 - 124. Let y be c/6 + 4/(-6). What is the highest common factor of y and h?
12
Let i be (3 - 5/2)*18. Calculate the highest common factor of 6 and i.
3
Let d(y) = -y**3 + y**2 + y. Let n be d(2). Let a be 31 + n*4/8. What is the highest common factor of 10 and a?
10
Let a(v) = -v**2 + 5*v + 13. Let t be a(6). Suppose 0 = -2*c + 10, 0 = 5*f - 2*c - 3*c - 45. What is the greatest common factor of t and f?
7
Let d be -5 + 2*-1 - 1. Suppose 12 = -4*u + 4*j, j + 7 = -4*u + 4*j. Let w = u - d. What is the greatest common divisor of 5 and w?
5
Suppose 2*b = 7*b - 215. What is the greatest common factor of 344 and b?
43
Let w(i) = 4*i**2 + 4*i + 9. Let z be w(-4). What is the highest common factor of z and 19?
19
Let a(i) = i**2 - 8*i - 2. Suppose c + f + 33 = 5*c, 2*f - 6 = -c. Let z be a(c). Let g be z*((-6)/4)/1. Calculate the highest common factor of g and 27.
3
Let x = -52 - -62. Calculate the highest common divisor of x and 80.
10
Let r(t) = t + 38. Let o be r(14). Let g be 1042/8 - (-1)/(-4). What is the greatest common factor of o and g?
26
Let b(v) = 2*v**2 + 3*v - 3. Let s be b(-3). Suppose 3*j - 6*j = 2*m - 135, 0 = 4*m + 5*j - 269. Calculate the greatest common factor of m and s.
6
Let d(l) = l + 15. Let i be d(-9). Suppose -2*r + i = -20. Calculate the highest common factor of r and 52.
13
Let o = 2 + 5. Let u = 121 - 72. Calculate the greatest common divisor of u and o.
7
Let a = 6 - 3. Let m = 3 - -53. Suppose a*f - m = 4. What is the highest common divisor of f and 30?
10
Suppose -10*c - 3*c = -312. What is the greatest common factor of 16 and c?
8
Let j be 6/(-27) - 106/9. Let n be 2/6 - 20/j. What is the highest common factor of 5 and n?
1
Let w(g) = g**3 + 6*g**2 + 7*g + 5. Let v be w(-5). Suppose -5*o + 6 = 21. Let k = o - v. Calculate the highest common divisor of k and 20.
2
Suppose 0 = 4*a - 419 - 373. Suppose 4*c - a - 98 = 0. Let w be (0 - (-6)/(-3)) + c. What is the highest common divisor of 8 and w?
8
Let o be ((-52)/(-65))/(2*(-1)/(-5)). Calculate the greatest common factor of 3 and o.
1
Let o be 2 + 0 + -2 - 7. Let l(n) = -17*n + 2. Let r be l(o). Suppose 5*c + 2*h = r + 160, 3*h + 156 = 3*c. Calculate the highest common divisor of c and 5.
5
Let u(v) = 2*v**2 - 2. Let r be u(2). Let o = -20 + 74. Calculate the highest common factor of o and r.
6
Let o be (-6)/(-8)*(-3 - -35). Suppose -o + 9 = -5*y. Calculate the greatest common divisor of 2 and y.
1
Let z = 14 + 7. Let u be (z/1)/((-6)/(-18)). Calculate the greatest common divisor of u and 9.
9
Let j(u) = -8*u - 6. Let b be (36/(-16) + 3)*-12. Let c be j(b). What is the highest common divisor of c and 6?
6
Let i be 1 - (-3 - (2 - 4)). Let a(u) be the third derivative of 3*u**4 - u**3/6 + 2*u**2. Let w be a(i). Calculate the highest common divisor of w and 13.
13
Let j(s) = -3*s + 7. Let w be j(-4). Suppose m - 5*u - 184 = 0, -4*m + 816 = -3*u - u. What is the greatest common factor of w and m?
19
Let p = -78 - -92. Calculate the greatest common factor of p and 238.
14
Suppose k = 4*k - 90. Calculate the greatest common divisor of 6 and k.
6
Let a = 14 + -7. Suppose a*i = 4*i. Suppose 5*h + 0*h - 130 = i. What is the greatest common factor of h and 39?
13
Let l be (10/(-3))/(4/(-6)). Let s = 1 + 3. Suppose 2*p + 2*h - 31 - 61 = 0, -s*p = -5*h - 175. Calculate the greatest common divisor of l and p.
5
Suppose -2*g + 3*g - 14 = 0. Suppose 3*s - s = -56. Let t be (9/2)/((-1)/s). Calculate the highest common factor of g and t.
14
Let a(o) = 7 + 4*o**2 - 7 - 6*o. Let f be a(4). Suppose 4*d + 0 = f. What is the highest common factor of d and 70?
10
Let t = -8 - -62. Calculate the greatest common divisor of 36 and t.
18
Let z be -2 + 5 + -2 + 1. Let p(i) = -i**3 - 7*i**2 + 7*i + 8. Let s be p(-8). What is the highest common factor of s and z?
2
Let b be (-4)/(-3) - (-1430)/39. Suppose 5*k - 734 = -259. Calculate the greatest common factor of b and k.
19
Suppose 0 = 2*q - 5*l - 3 - 8, 5*q - 3*l - 18 = 0. Calculate the highest common divisor of 3 and q.
3
Let f = 230 - 131. What is the greatest common divisor of f and 33?
33
Let w be (-2)/1 + (19 - 1) + 4. Let a = 48 + -18. Calculate the highest common factor of w and a.
10
Suppose 0*u - 25 = -4*s + 5*u, 0 = -3*s + 5*u + 20. Let w = s + -3. Calculate the highest common factor of 18 and w.
2
Suppose 2*n = -0*n + 72. Let x be (n + -1)/(0 - -1). Let v be x - (2 + 1 + -1). Calculate the highest common factor of 22 and v.
11
Let f be ((-6)/(-2))/(0 + 1). Let i be (f/(-6))/(1/(-24)). What is the greatest common factor of 120 and i?
12
Let c(i) = -i + 2. Let q be c(-2). Let m = -3 + q. Let d be 15 + (1 + -1 - m). What is the greatest common factor of d and 35?
7
Suppose -4 = m, -m + 9 = -2*d + 29. Suppose 0 = -d*j + 10*j - 240. What is the highest common divisor of j and 24?
24
Suppose -15 = 3*y, 3*y + 15 = -3*n + 5*n. Let i = n + -1. Let s be -1 - (12 - 2)*i. Calculate the highest common factor of 99 and s.
9
Suppose -n - 5*p = 19, -4*p + 6 - 44 = -